. Is o composite?
True
Is (-533)/(-2) + ((-10)/(-4))/5 composite?
True
Let n = 686 - -235. Is n a composite number?
True
Let c(q) = q + 9. Let l be c(-10). Is (0/l - -1) + 84 a prime number?
False
Let g = 2 + -2. Suppose -x + 55 = 3*r, x + 5*r = -g*x + 59. Is x a prime number?
False
Suppose 9 = 2*y - 5*y. Let p be 1*y/2*90. Is 2/(-4) + p/(-2) a composite number?
False
Let u = -827 - -382. Let x = 36 - u. Is x a prime number?
False
Suppose 2*m = -3*m + k + 14, 5*k - 8 = -m. Let f = 5 + -3. Is (57 + 2)*(m - f) composite?
False
Let x = 903 + -362. Is x a composite number?
False
Let r = -12 - -24. Suppose 0 = 3*b - r, -3*b + 52 = 4*t + t. Let o(f) = 12*f - 7. Is o(t) prime?
True
Is 6/9 + (-842)/(-6) a prime number?
False
Let t = 3 - 1. Suppose i + 395 = 6*i - t*c, 5*i - 390 = c. Is i composite?
True
Let f be -2 + -1 - (3 + -6). Let m(q) be the second derivative of q**5/20 + 3*q**2/2 - q. Is m(f) prime?
True
Suppose 0 = 3*y - 5*b + 259, 0 = 2*y - y - 5*b + 93. Suppose -4*t = 5*q + 588, q - 2*t = -t - 114. Let x = y - q. Is x a prime number?
False
Let p = -141 + -3. Let k = p + 415. Suppose -3*f + 0*i + 4*i = -k, 5*f - 433 = 2*i. Is f a composite number?
True
Let u(x) = 31*x**2 + 4*x. Is u(-3) composite?
True
Let g(h) = -4*h + 7. Let x = -21 - -14. Is g(x) composite?
True
Let x(w) = 9*w + 0*w - 2*w**2 + 10 + w**2. Let z be x(10). Suppose c = 5*r + 11, z = c - 3*c + 5*r + 17. Is c a prime number?
False
Suppose -2*d - 3*d = -40. Let m = d - -14. Is m a prime number?
False
Suppose -y - 2*z = -2397, 2*y - 4094 - 672 = 3*z. Is y a composite number?
False
Let s be (0 + (3 - 0))/1. Let b be (s/4)/((-2)/(-8)). Suppose -b*r + 1 = 7, 0 = f - 4*r - 31. Is f a prime number?
True
Let y(k) = -4*k + 3. Let d(u) = 11*u - 9. Let t(p) = 3*d(p) + 8*y(p). Let v be t(5). Suppose -5*g - 424 = -2*f, 5*g + 641 = f + v*f. Is f a prime number?
False
Let f = -401 - -564. Is f prime?
True
Suppose 5*l - 549 = 2*q, 3*l - l = 5*q + 228. Is l a prime number?
True
Let z(b) = -b**3 + 13*b**2 + 10*b - 11. Let a be z(13). Let v = a + 80. Is v prime?
True
Let y = -2314 - -6255. Is y prime?
False
Let n be (12/(-9))/(2/(-33)). Let t = n + -12. Is t a prime number?
False
Is (-14499)/(-5) - (-4)/(-5) prime?
False
Let y(d) = -d**3 - 10*d**2 + 3*d - 8. Let g be y(-10). Is (g/(-6))/((-4)/(-12)) prime?
True
Suppose 204 = -5*c + 1979. Is c a prime number?
False
Let l = 23 - 21. Suppose l*a - 79 = -d, 4*a = -d + 30 + 43. Is d a prime number?
False
Let d be 1731/(-5) - 1/(-5). Let b be d/(-18) - (-6)/(-27). Let y = -4 + b. Is y a composite number?
True
Let u = 9 - 5. Suppose z + y + y = -u, -2*z + y = -2. Suppose 2*k - 49 - 13 = z. Is k a prime number?
True
Let k(d) = d**2 - 4*d + 6. Let b = 1 - 0. Suppose 2*g + 11 = b. Is k(g) a composite number?
True
Is 2*(-3 + 299/2) composite?
False
Suppose 0*m - 4*m = -5*f - 9, 5*f = -4*m - 41. Is 23 + m + 3 + 0 a composite number?
True
Let i = 250 - 95. Let g = i - 97. Is g a prime number?
False
Suppose -6*h = -5*h - 395. Is h composite?
True
Let q be (-2)/1*-1 + 0. Let r(n) = n**2 + 4*n + 0*n**q + 1 - 5*n. Is r(6) a prime number?
True
Let g(o) = o**2 + 10*o + 13. Let d be g(-11). Suppose 3*w + 9 - d = 0. Suppose 0 = -a - 3, -5*y - 402 + 1112 = w*a. Is y a composite number?
True
Suppose 7 = 4*k - 5. Suppose k*m + 4*f = 99, -m + 3*f - 154 = -6*m. Suppose -3*v = -40 - m. Is v a composite number?
False
Suppose -1613 - 1072 = -3*f. Is f composite?
True
Let h(t) = 3*t + 3. Let c be h(3). Suppose c = -x + 4*x. Is (-6)/x + 315/6 composite?
True
Let n(j) = 28*j**2 - 4*j + 5. Let k(o) = -o**2 - o + 1. Let s(g) = 3*k(g) - n(g). Let t be s(2). Let f = 251 + t. Is f prime?
True
Let d(b) be the second derivative of b**4/6 + b**3/2 - 3*b**2 - 2*b. Is d(-7) prime?
True
Suppose -z = -6*z + 75. Is 3/z + 274/5 composite?
True
Let m = -379 + 788. Is m a composite number?
False
Is (-4)/22 - 9288/(-22) a composite number?
True
Let y = -2 + 0. Is (-55 - y)*(-3 + 2) a composite number?
False
Let i(o) = 7*o + 4. Let b = 0 + 6. Let n = 13 - b. Is i(n) a prime number?
True
Let y be 185/(-11) + (-4)/22. Let i = y - -74. Is i a composite number?
True
Let s = 4 + 1. Suppose 5*t = -s*o + 255, 5*t = -3*o + 4*o + 267. Is t prime?
True
Let y = 19 - 67. Let g = -15 - y. Is g a prime number?
False
Let g be (-4)/(-6) + 21/9. Suppose g*k = k + 12. Is k composite?
True
Let w be (2/(-1))/(4/(-12)). Let n(f) = 6*f**2 - 7*f - 11. Is n(w) a prime number?
True
Suppose -4*n - 9 = 3*a - 38, 3*a = 4*n - 11. Suppose q - 185 = -n*g, q + g = 6*g + 225. Is q a composite number?
True
Let y(w) = -w**2 + 20*w - 8. Suppose -d = -5*d + 44. Is y(d) prime?
False
Is 688/6 - 13/(-39) composite?
True
Is (3 + -1)/((-2)/(-1415)) a prime number?
False
Suppose 4*b - 2*k + 691 - 1963 = 0, 2*b + 2*k = 630. Is b a composite number?
False
Suppose 2*z + 529 = k, 5*z + 759 + 1369 = 4*k. Is k composite?
True
Is (2/2)/(1/1497*3) composite?
False
Suppose 2*z - 20 = -2*z. Suppose -z*g = 20 - 0. Is (-19 - 1)*g - 1 a prime number?
True
Let a be ((-16)/(-40))/(1/10). Is 1*(a + -3) - -498 a prime number?
True
Suppose -3*f - 100 = -8*f. Suppose -f = -4*n, 3*b - 700 = b + 2*n. Is b a prime number?
False
Suppose -2*n - 29 + 250 = -r, 5*n - 545 = 4*r. Is n composite?
False
Let r(i) = 7*i**2 - 8*i - 9. Is r(-2) a prime number?
False
Is (157/4)/((-11)/(-44)) composite?
False
Let q(v) = 21*v**2 - 2*v + 3. Let b(z) = -z - 2. Suppose 0 = -4*m - 13 - 3. Let n be b(m). Is q(n) a composite number?
False
Suppose -3*i - 8 - 7 = -2*h, 4*h = -5*i + 85. Let w = h - 10. Suppose 3*m - 28 = w. Is m a prime number?
True
Suppose -3*n - 2*z + 0*z = 0, -5*z = 3*n. Suppose -22 = -2*a - 4*o, n = 3*a + 2*o - 5*o - 6. Let q = 8 - a. Is q composite?
False
Suppose -2*m + 8 = -0*m. Suppose -13 = -3*o - o + 3*i, 0 = o - m*i - 13. Is 38 - (-3)/(-3)*o prime?
True
Let d(w) = -w**3 + 4*w**2 - w. Let p be d(4). Let b = p - -6. Is 1/((4/b)/22) composite?
False
Suppose -6*n = -351 + 33. Is n a prime number?
True
Let r(b) = b**2 - 10*b + 2. Let i be r(10). Suppose 0*n + 18 = i*n. Is n composite?
True
Let i(t) = -2*t + 4. Let h be i(3). Let p be (4/10)/(h/(-10)). Is 0 + p + -2 + 95 prime?
False
Is 6/24 - (-3270)/8 prime?
True
Let h(v) = -v**3 + 5*v**2 + 4*v. Let n(o) = o**3 - 4*o**2 - 3*o + 1. Let d(l) = 3*h(l) + 4*n(l). Is d(0) composite?
True
Let h = -9 - 9. Let x = -5 - h. Let b = 6 + x. Is b prime?
True
Suppose 3*v + 2*m - 3*m - 8860 = 0, 4*v - 5*m = 11817. Is v a composite number?
False
Suppose 0*y + 2*y - 3*u + 3 = 0, 5*y + 4*u = 50. Suppose 3*x - 17 = q, -y*x + 25 = -2*x + q. Let k(r) = -r + 13. Is k(x) composite?
False
Suppose -4*s + 734 = -r, -2*s + 4*s + r - 364 = 0. Let z = -128 + s. Is z composite?
True
Suppose -4*v = -518 + 26. Is v prime?
False
Suppose 2*l = 6*l - 4*t - 452, -129 = -l + 5*t. Is l a composite number?
False
Let o(g) be the third derivative of g**5/60 - g**4/8 - g**3/2 + g**2. Let k(n) = n + 1. Let w be k(-6). Is o(w) prime?
True
Let d be (5 + -8)/((-6)/(-32)). Let v = 29 + d. Is v prime?
True
Suppose 0 = -4*d + l + 20, 0*d - d - 4*l - 12 = 0. Let u be ((-6)/d - -2)*0. Suppose u = 2*b - 5 - 5, 4*h = 2*b + 14. Is h a composite number?
True
Let i be (-5)/20 - 42/(-8). Suppose 2*p = i*p + 63. Let g = p - -32. Is g a composite number?
False
Let v be 1/((-2)/(-4)) - 2. Suppose -4*d + 4 + 8 = v. Suppose 155 = 2*f + d*f. Is f a prime number?
True
Suppose 5*o - 1689 = -4*b + 3*b, -2*b - 329 = -o. Is o prime?
True
Is (3 + 20/(-8))*322 a composite number?
True
Let u(z) = 18*z**2 + 8*z - 51. Let g(l) = 12*l**2 + 5*l - 34. Let f(y) = 8*g(y) - 5*u(y). Is f(5) prime?
False
Is ((-27)/(-18))/(3/326) a prime number?
True
Let r(s) be the first derivative of -11*s**2 + 9*s + 3. Let g be r(8). Let d = g - -234. Is d a composite number?
False
Let c(f) = 99*f**2 - f + 13. Is c(3) a composite number?
True
Let o(n) = -n**3 + 5*n**2 + 3. Let a be o(5). Let r be ((-18)/12)/(a/4). Is 118 + r + 1 + 2 composite?
True
Let c = -96 - -387. Is c prime?
False
Let q(b) be the second derivative of -19*b**3/6 - 5*b**2 + 9*b. Is q(-7) prime?
False
Let f(x) = -x**3 - 8*x**2 - x - 13. Suppose 5*j = -2*t + 8 - 31, 26 = -3*t + j. Is f(t) a composite number?
True
Let l(t) = -3*t**3 - 2*t**2 - 11*t - 1. Is l(-5) composite?
False
Let d = 790 - 159. Is d composite?
False
Let i = -4 + 8.